 of 372?
3
What is the ten thousands digit of 33256?
3
What is the units digit of 4785?
5
What is the ten thousands digit of 11736?
1
What is the hundreds digit of 485?
4
What is the units digit of 70592?
2
What is the ten thousands digit of 68985?
6
What is the units digit of 2617?
7
What is the units digit of 36415?
5
What is the thousands digit of 2562?
2
What is the hundreds digit of 59116?
1
What is the thousands digit of 2025?
2
What is the units digit of 11337?
7
What is the units digit of 5643?
3
What is the tens digit of 36263?
6
What is the units digit of 3523?
3
What is the hundreds digit of 7126?
1
What is the thousands digit of 43852?
3
What is the thousands digit of 45529?
5
What is the hundreds digit of 1079?
0
What is the units digit of 212?
2
What is the hundreds digit of 2533?
5
What is the hundreds digit of 13507?
5
What is the thousands digit of 3036?
3
What is the tens digit of 59296?
9
What is the tens digit of 27797?
9
What is the tens digit of 814?
1
What is the tens digit of 238?
3
What is the tens digit of 8966?
6
What is the hundreds digit of 27747?
7
What is the thousands digit of 4304?
4
What is the tens digit of 50550?
5
What is the ten thousands digit of 49438?
4
What is the thousands digit of 3051?
3
What is the thousands digit of 7561?
7
What is the thousands digit of 11184?
1
What is the tens digit of 335?
3
What is the thousands digit of 2611?
2
What is the hundreds digit of 38389?
3
What is the units digit of 1248?
8
What is the ten thousands digit of 38738?
3
What is the units digit of 5?
5
What is the thousands digit of 1926?
1
What is the tens digit of 266?
6
What is the units digit of 2594?
4
What is the hundreds digit of 6466?
4
What is the hundreds digit of 9818?
8
What is the thousands digit of 27540?
7
What is the units digit of 30034?
4
What is the units digit of 1789?
9
What is the units digit of 1120?
0
What is the hundreds digit of 222?
2
What is the tens digit of 1082?
8
What is the tens digit of 158318?
1
What is the units digit of 1779?
9
What is the units digit of 22118?
8
What is the thousands digit of 12776?
2
What is the units digit of 1484?
4
What is the units digit of 5595?
5
What is the hundreds digit of 18938?
9
What is the tens digit of 793?
9
What is the units digit of 2863?
3
What is the thousands digit of 7310?
7
What is the tens digit of 6130?
3
What is the thousands digit of 3172?
3
What is the units digit of 3232?
2
What is the units digit of 952?
2
What is the hundreds digit of 5217?
2
What is the tens digit of 8506?
0
What is the units digit of 6609?
9
What is the units digit of 2664?
4
What is the tens digit of 14403?
0
What is the thousands digit of 13411?
3
What is the units digit of 2430?
0
What is the hundreds digit of 19381?
3
What is the tens digit of 7027?
2
What is the hundreds digit of 1955?
9
What is the hundreds digit of 1304?
3
What is the hundreds digit of 320?
3
What is the thousands digit of 15296?
5
What is the units digit of 498?
8
What is the tens digit of 1230?
3
What is the tens digit of 8463?
6
What is the ten thousands digit of 25435?
2
What is the units digit of 8262?
2
What is the thousands digit of 11912?
1
What is the units digit of 190184?
4
What is the ten thousands digit of 11494?
1
What is the units digit of 1045?
5
What is the units digit of 328?
8
What is the units digit of 128?
8
What is the tens digit of 19546?
4
What is the tens digit of 134357?
5
What is the hundreds digit of 2769?
7
What is the tens digit of 39174?
7
What is the units digit of 414?
4
What is the units digit of 2456?
6
What is the thousands digit of 3972?
3
What is the tens digit of 310?
1
What is the units digit of 63289?
9
What is the tens digit of 66?
6
What is the tens digit of 11465?
6
What is the units digit of 13047?
7
What is the units digit of 6310?
0
What is the units digit of 90688?
8
What is the thousands digit of 1017?
1
What is the ten thousands digit of 15802?
1
What is the hundreds digit of 6678?
6
What is the hundreds digit of 3610?
6
What is the hundreds digit of 16394?
3
What is the tens digit of 75154?
5
What is the thousands digit of 1050?
1
What is the units digit of 8430?
0
What is the thousands digit of 23575?
3
What is the tens digit of 4918?
1
What is the tens digit of 5317?
1
What is the hundreds digit of 13117?
1
What is the units digit of 51516?
6
What is the units digit of 2000?
0
What is the hundreds digit of 55889?
8
What is the thousands digit of 3127?
3
What is the hundreds digit of 5621?
6
What is the thousands digit of 7537?
7
What is the tens digit of 22233?
3
What is the units digit of 12427?
7
What is the thousands digit of 1032?
1
What is the units digit of 6119?
9
What is the tens digit of 30867?
6
What is the thousands digit of 159320?
9
What is the units digit of 1307?
7
What is the units digit of 241?
1
What is the ten thousands digit of 43523?
4
What is the tens digit of 17426?
2
What is the units digit of 336?
6
What is the hundreds digit of 233?
2
What is the tens digit of 122250?
5
What is the thousands digit of 5890?
5
What is the units digit of 7395?
5
What is the units digit of 13964?
4
What is the units digit of 531?
1
What is the thousands digit of 6423?
6
What is the ten thousands digit of 10147?
1
What is the thousands digit of 3643?
3
What is the hundreds digit of 378?
3
What is the thousands digit of 24035?
4
What is the tens digit of 59?
5
What is the units digit of 65312?
2
What is the tens digit of 24495?
9
What is the thousands digit of 2183?
2
What is the hundreds digit of 333?
3
What is the tens digit of 164274?
7
What is the thousands digit of 2540?
2
What is the units digit of 8542?
2
What is the tens digit of 2437?
3
What is the tens digit of 189367?
6
What is the units digit of 63758?
8
What is the tens digit of 13786?
8
What is the units digit of 15914?
4
What is the units digit of 6585?
5
What is the hundreds digit of 125?
1
What is the units digit of 129139?
9
What is the tens digit of 752?
5
What is the tens digit of 83020?
2
What is the units digit of 18047?
7
What is the tens digit of 7760?
6
What is the hundreds digit of 18979?
9
What is the units digit of 53731?
1
What is the thousands digit of 100021?
0
What is the hundreds digit of 56734?
7
What is the hundreds digit of 41539?
5
What is the ten thousands digit of 26910?
2
What is the tens digit of 128859?
5
What is the hundreds digit of 2823?
8
What is the units digit of 11560?
0
What is the hundreds digit of 20927?
9
What is the tens digit of 23056?
5
What is the units digit of 8945?
5
What is the tens digit of 2954?
5
What is the thousands digit of 4026?
4
What is the units digit of 211?
1
What is the hundreds digit of 16744?
7
What is the hundreds digit of 7647?
6
What is the units digit of 6420?
0
What is the hundreds digit of 2323?
3
What is the hundreds digit of 930?
9
What is the hundreds digit of 1712?
7
What is the thousands digit of 1121?
1
What is the units digit of 2311?
1
What is the thousands digit of 5984?
5
What is the hundreds digit of 545?
5
What is the tens digit of 1323?
2
What is the hundreds digit of 17913?
9
What is the thousands digit of 5813?
5
What is the tens digit of 864?
6
What is the hundreds digit of 5321?
3
What is the units digit of 6288?
8
What is the units digit of 1488?
8
What is the tens digit of 1204?
0
What is the hundreds digit of 20907?
9
What is the hundreds digit of 6275?
2
What is the units digit of 791?
1
What is the units digit of 1000?
0
What is the hundreds digit of 7475?
4
What is the hundreds digit of 134?
1
What is the hundreds digit of 1765?
7
What is the tens digit of 4762?
6
What is the hundreds digit of 26432?
4
What is the thousands digit of 51810?
1
What is the thousands digit of 11763?
1
What is the units digit of 22485?
5
What is the hundreds digit of 3817?
8
What is the ten thousands digit of 60346?
6
What is the hundreds digit of 12796?
7
What is the ten thousands digit of 15954?
1
What is the thousands digit of 33909?
3
What is the tens digit of 21195?
9
What is the thousands digit of 3512?
3
What is the thousands digit of 2226?
2
What is the hundreds digit of 103688?
6
What is the tens digit of 4473?
7
What is the tens digit of 605?
0
What is the tens digit of 593?
9
What is the th